 factors of 10935.
3, 5
What are the prime factors of 590?
2, 5, 59
What are the prime factors of 574?
2, 7, 41
What are the prime factors of 2125?
5, 17
What are the prime factors of 1276?
2, 11, 29
What are the prime factors of 146031?
3, 48677
List the prime factors of 2126.
2, 1063
List the prime factors of 103704.
2, 3, 29, 149
List the prime factors of 986.
2, 17, 29
What are the prime factors of 12311?
13, 947
List the prime factors of 1677.
3, 13, 43
List the prime factors of 207.
3, 23
List the prime factors of 65635.
5, 13127
What are the prime factors of 214?
2, 107
What are the prime factors of 1642?
2, 821
List the prime factors of 3604.
2, 17, 53
List the prime factors of 33125.
5, 53
List the prime factors of 5346.
2, 3, 11
What are the prime factors of 3682?
2, 7, 263
What are the prime factors of 395?
5, 79
What are the prime factors of 59234?
2, 7, 4231
What are the prime factors of 48888?
2, 3, 7, 97
List the prime factors of 829.
829
List the prime factors of 23223.
3, 7741
What are the prime factors of 13334?
2, 59, 113
What are the prime factors of 3940?
2, 5, 197
List the prime factors of 3555.
3, 5, 79
What are the prime factors of 1805?
5, 19
What are the prime factors of 21208?
2, 11, 241
List the prime factors of 1243.
11, 113
List the prime factors of 45475.
5, 17, 107
List the prime factors of 13826.
2, 31, 223
What are the prime factors of 92793?
3, 30931
List the prime factors of 740.
2, 5, 37
List the prime factors of 2405.
5, 13, 37
What are the prime factors of 15162?
2, 3, 7, 19
List the prime factors of 5073.
3, 19, 89
List the prime factors of 339.
3, 113
What are the prime factors of 722?
2, 19
What are the prime factors of 34909?
7, 4987
What are the prime factors of 13416?
2, 3, 13, 43
List the prime factors of 32932.
2, 8233
List the prime factors of 44166.
2, 3, 17, 433
List the prime factors of 2678.
2, 13, 103
What are the prime factors of 60408?
2, 3, 839
What are the prime factors of 37668?
2, 3, 43, 73
What are the prime factors of 21289?
61, 349
What are the prime factors of 9199?
9199
What are the prime factors of 2059?
29, 71
What are the prime factors of 1737?
3, 193
List the prime factors of 12750.
2, 3, 5, 17
What are the prime factors of 99492?
2, 3, 8291
List the prime factors of 834.
2, 3, 139
What are the prime factors of 1597?
1597
List the prime factors of 3492.
2, 3, 97
What are the prime factors of 43693?
13, 3361
What are the prime factors of 92978?
2, 46489
List the prime factors of 2018.
2, 1009
List the prime factors of 1846.
2, 13, 71
What are the prime factors of 140?
2, 5, 7
What are the prime factors of 24140?
2, 5, 17, 71
List the prime factors of 59384.
2, 13, 571
List the prime factors of 615.
3, 5, 41
List the prime factors of 15741.
3, 11, 53
List the prime factors of 4780.
2, 5, 239
What are the prime factors of 1765?
5, 353
What are the prime factors of 4605?
3, 5, 307
What are the prime factors of 2332?
2, 11, 53
What are the prime factors of 8531?
19, 449
What are the prime factors of 127529?
127529
List the prime factors of 18695.
5, 3739
What are the prime factors of 84511?
7, 12073
What are the prime factors of 51219?
3, 7, 271
What are the prime factors of 134379?
3, 7, 79
What are the prime factors of 371?
7, 53
List the prime factors of 103113.
3, 19, 67
List the prime factors of 2468.
2, 617
List the prime factors of 40378.
2, 13, 1553
What are the prime factors of 1082?
2, 541
What are the prime factors of 136445?
5, 29, 941
List the prime factors of 960.
2, 3, 5
List the prime factors of 66864.
2, 3, 7, 199
List the prime factors of 2039.
2039
List the prime factors of 4178.
2, 2089
List the prime factors of 2713.
2713
What are the prime factors of 21396?
2, 3, 1783
List the prime factors of 1618.
2, 809
List the prime factors of 24836.
2, 7, 887
What are the prime factors of 1642?
2, 821
What are the prime factors of 1506?
2, 3, 251
What are the prime factors of 18236?
2, 47, 97
List the prime factors of 5317.
13, 409
What are the prime factors of 2002?
2, 7, 11, 13
List the prime factors of 21050.
2, 5, 421
List the prime factors of 18828.
2, 3, 523
What are the prime factors of 126611?
126611
What are the prime factors of 10110?
2, 3, 5, 337
What are the prime factors of 12554?
2, 6277
What are the prime factors of 9259?
47, 197
List the prime factors of 1372.
2, 7
List the prime factors of 21769.
11, 1979
What are the prime factors of 21757?
21757
What are the prime factors of 5428?
2, 23, 59
List the prime factors of 29705.
5, 13, 457
List the prime factors of 825.
3, 5, 11
List the prime factors of 73693.
73693
List the prime factors of 609.
3, 7, 29
List the prime factors of 2070.
2, 3, 5, 23
What are the prime factors of 5202?
2, 3, 17
List the prime factors of 1539.
3, 19
What are the prime factors of 11821?
11821
What are the prime factors of 6919?
11, 17, 37
What are the prime factors of 1375?
5, 11
What are the prime factors of 23619?
3, 7873
List the prime factors of 3027.
3, 1009
List the prime factors of 109.
109
List the prime factors of 908.
2, 227
List the prime factors of 6061.
11, 19, 29
List the prime factors of 2515.
5, 503
What are the prime factors of 11133?
3, 1237
What are the prime factors of 23456?
2, 733
What are the prime factors of 356?
2, 89
List the prime factors of 763.
7, 109
List the prime factors of 32830.
2, 5, 7, 67
List the prime factors of 1729.
7, 13, 19
List the prime factors of 24.
2, 3
List the prime factors of 312.
2, 3, 13
List the prime factors of 13829.
13829
List the prime factors of 746.
2, 373
List the prime factors of 1995.
3, 5, 7, 19
List the prime factors of 3970.
2, 5, 397
List the prime factors of 2592.
2, 3
What are the prime factors of 2075?
5, 83
List the prime factors of 2245.
5, 449
What are the prime factors of 5235?
3, 5, 349
List the prime factors of 3181.
3181
What are the prime factors of 30824?
2, 3853
What are the prime factors of 336?
2, 3, 7
What are the prime factors of 10700?
2, 5, 107
What are the prime factors of 5178?
2, 3, 863
What are the prime factors of 3374?
2, 7, 241
List the prime factors of 655.
5, 131
List the prime factors of 562.
2, 281
List the prime factors of 23082.
2, 3, 3847
List the prime factors of 26703.
3, 23, 43
List the prime factors of 39865.
5, 7, 17, 67
What are the prime factors of 1304?
2, 163
What are the prime factors of 1759?
1759
What are the prime factors of 13188?
2, 3, 7, 157
What are the prime factors of 8144?
2, 509
List the prime factors of 109.
109
What are the prime factors of 35805?
3, 5, 7, 11, 31
What are the prime factors of 1498?
2, 7, 107
What are the prime factors of 5642?
2, 7, 13, 31
List the prime factors of 24650.
2, 5, 17, 29
What are the prime factors of 13200?
2, 3, 5, 11
What are the prime factors of 867?
3, 17
List the prime factors of 10415.
5, 2083
List the prime factors of 1603.
7, 229
List the prime factors of 4434.
2, 3, 739
What are the prime factors of 598?
2, 13, 23
What are the prime factors of 1305?
3, 5, 29
What are the prime factors of 896?
2, 7
List the prime factors of 3280.
2, 5, 41
What are the prime factors of 1696?
2, 53
What are the prime factors of 13812?
2, 3, 1151
List the prime factors of 7003.
47, 149
List the prime factors of 67937.
41, 1657
What are the prime factors of 9458?
2, 4729
What are the prime factors of 22451?
11, 13, 157
What are the prime factors of 5670?
2, 3, 5, 7
What are the prime factors of 6340?
2, 5, 317
What are the prime factors of 2773?
47, 59
List the prime factors of 8644.
2, 2161
List the prime factors of 62007.
3, 11, 1879
List the prime factors of 514.
2, 257
List the prime factors of 123.
3, 41
List the prime factors of 180574.
2, 17, 47, 113
List the prime factors of 724.
2, 181
What are the prime factors of 139574?
2, 19, 3673
What are the prime factors of 79483?
61, 1303
List the prime factors of 3991.
13, 307
List the prime factors of 255.
3, 5, 17
List the prime factors of 3976.
2, 7, 71
What are the prime factors of 19985?
5, 7, 571
What are the prime factors of 7178?
2, 37, 97
What are the prime factors of 2066?
2, 1033
What are the prime factors of 953?
953
List the prime factors of 5358.
2, 3, 19, 47
What are the prime factors of 42889?
7, 11, 557
What are the p